Let n(o) = -o**3 + 98*o**2 - 47*o - 5013. Give n(97).
-163
Let d(g) = 1728*g**2 - 13603*g - 16. What is d(8)?
1752
Let g(u) = -5*u**3 + 33*u**2 - 1357*u + 9532. Give g(7).
-65
Let b(u) = 26*u**3 + 3*u**2 - 9*u - 73. Determine b(-4).
-1653
Let w(x) = -757*x + 8713. Determine w(9).
1900
Let n(x) = x**2 + 17976*x - 648432. What is n(36)?
0
Let j(o) = -3*o**3 + 49*o**2 - 229*o + 15. Give j(5).
-280
Let o(t) = 5*t**3 + 183*t**2 + 108*t - 2. Give o(-36).
-2
Let g(y) = -y**2 + 228*y - 3807. What is g(210)?
-27
Let q(n) = 697*n**2 + 3578*n - 5. What is q(-5)?
-470
Let j(d) = -17506*d + 227614. Give j(13).
36
Let c(g) = g**2 - 216*g - 105. Calculate c(216).
-105
Let u(z) = z**3 + 213*z**2 - 862*z + 1450. What is u(-217)?
148
Let r(i) = i**3 + 174*i**2 - 724*i - 43. Calculate r(4).
-91
Let f(y) = -y**3 - 45*y**2 - 472*y + 700. Give f(-27).
322
Let f(a) = a**3 + 14*a**2 - 14*a - 420. Calculate f(-13).
-69
Let a(n) = -n**3 - 9*n**2 - 850*n - 4219. Determine a(-5).
-69
Let a(s) = -1300*s - 124795. Calculate a(-96).
5
Let s(n) = -13*n**3 + 3*n**2 + 4*n + 14. What is s(0)?
14
Let w(g) = g**2 - 1063*g - 39924. Determine w(-36).
-360
Let x(r) = 6*r**2 - 10838*r - 1167905. Calculate x(-102).
-5
Let y(z) = -1129*z**2 + 782397*z + 11. Calculate y(693).
11
Let f(b) = 14*b**3 + 743*b**2 + 2*b - 2692. What is f(-53)?
11
Let y(n) = 7144*n - 135335. Give y(19).
401
Let a(p) = -p**2 - 23989*p - 479375. Determine a(-20).
5
Let d(u) = 42*u**2 - 786*u - 30. Give d(19).
198
Let o(y) = -8*y**2 - 459*y + 19108. Calculate o(28).
-16
Let o(v) = -8*v**3 - 15*v**2 + 298*v + 44. Calculate o(-7).
-33
Let h(v) = -1533*v - 10682. Calculate h(-7).
49
Let z(q) = -q**2 + 1859*q - 571833. Determine z(389).
-3
Let x(i) = i**3 - 103*i**2 + 574*i + 908. Calculate x(97).
132
Let m(f) = -415*f + 4816. Determine m(12).
-164
Let f(k) = -5298*k - 4240. What is f(-1)?
1058
Let f(b) = b**3 - 74*b**2 - 1891*b + 143376. Calculate f(73).
4
Let t(o) = 3*o**3 + 20*o**2 - 101*o - 572. Give t(-8).
-20
Let o(f) = -3*f**3 + 9*f**2 + 305*f - 1534. Give o(5).
-159
Let t(m) = -2*m**3 - 70*m**2 - 362*m + 205. What is t(-7)?
-5
Let d(c) = -6*c**2 + 857*c - 1703. Calculate d(2).
-13
Let n(t) = -t**2 - 1441*t - 17154. What is n(-12)?
-6
Let b(w) = -w**3 - 410*w**2 + 16066*w - 359. Give b(36).
1
Let i(l) = l**3 - 36*l**2 + 276*l + 354. What is i(25)?
379
Let m(n) = 446*n**2 - 11152*n + 47. What is m(25)?
-3
Let x(n) = 3363*n**2 - 83966*n - 2718. Give x(25).
7
Let x(l) = -11673*l - 361681. Calculate x(-31).
182
Let w(p) = -p**2 + 170*p + 11023. Determine w(-50).
23
Let p(o) = -3*o**3 - 130*o**2 - 1272*o - 321. Give p(-14).
239
Let h(t) = -2808*t + 14333. Give h(5).
293
Let i(b) = b**2 - 7836*b - 18416988. Calculate i(-1893).
9
Let p(o) = 1832*o - 2102. Give p(1).
-270
Let y(u) = -2*u**3 - 26*u**2 - 73*u + 13. Give y(-4).
17
Let q(j) = -j**2 - 313*j - 24562. What is q(-175)?
-412
Let b(f) = 8*f**2 - 1525*f - 3357. Calculate b(193).
310
Let s(b) = -2*b**3 + 7*b**2 + 891*b - 679. Determine s(0).
-679
Let y(b) = -b**3 + 560*b**2 - 3785*b - 47483. What is y(553)?
75
Let r(k) = 9*k**3 + 1205*k**2 - 118*k + 2148. Determine r(-134).
4
Let q(s) = -3019495*s + 57370400. What is q(19)?
-5
Let j(o) = -3*o**2 + 546*o + 2201. Give j(186).
-31
Let v(f) = f**3 + 167*f**2 - 3033*f - 19209. Give v(-183).
6
Let n(j) = 1305*j**3 + 9*j**2 - 79*j - 87. What is n(-1)?
-1304
Let p(s) = s**3 - 252*s**2 + 8490*s - 2240. Determine p(212).
-120
Let y(z) = 5*z**3 + 21*z**2 - z + 211. Give y(-6).
-107
Let h(x) = -12*x**3 + 8*x**2 - 47*x + 85. Determine h(3).
-308
Let d(l) = -2*l**3 - 16*l**2 - 107*l - 413. What is d(-7)?
238
Let w(x) = -52198*x + 260986. What is w(5)?
-4
Let v(g) = 106*g**2 - 788*g + 920. Determine v(6).
8
Let n(l) = 473*l - 55861. Give n(118).
-47
Let d(c) = 168*c**3 + 510*c**2 - 53*c - 185. Give d(-3).
28
Let f(w) = -7929*w - 444031. Give f(-56).
-7
Let y(o) = -8*o**2 + 249*o - 84. What is y(34)?
-866
Let o(x) = 3*x**3 - 88*x**2 + 185*x - 2009. Determine o(28).
35
Let i(l) = -280*l - 35526. Give i(-121).
-1646
Let a(z) = -6*z**2 - 794*z - 1238. Determine a(-132).
-974
Let r(v) = 8631*v - 8595. Determine r(1).
36
Let u(x) = 871*x + 276933. Calculate u(-318).
-45
Let i(w) = 3506*w - 343618. Calculate i(98).
-30
Let o(c) = -2*c**3 - 176*c**2 - 579*c - 35240. Give o(-87).
-5
Let l(u) = -1066*u**2 - 9557*u + 299. Determine l(-9).
-34
Let o(s) = -805*s**2 + 26*s + 199. What is o(-3)?
-7124
Let m(p) = -6*p**2 + 35*p + 586. What is m(14)?
-100
Let p(t) = t**3 - 91*t**2 - 165*t - 1448. Calculate p(93).
505
Let m(y) = -y**3 - 238*y**2 - 8829*y + 155. Calculate m(-46).
17
Let i(k) = -6*k**3 - 83*k**2 + 24*k + 460. Determine i(-14).
320
Let t(v) = 2*v**2 + 106*v + 462. What is t(-48)?
-18
Let t(k) = 25133*k + 50261. Determine t(-2).
-5
Let t(m) = -16088*m + 128700. Determine t(8).
-4
Let y(x) = 10*x**2 + 3006*x + 95290. Calculate y(-36).
34
Let d(x) = x**3 + 266*x**2 + 16244*x - 156. Determine d(-171).
15
Let g(b) = b**3 + 234043*b - 6. Determine g(0).
-6
Let p(x) = -308*x**2 + 1825*x + 154. Determine p(6).
16
Let g(x) = 48*x**3 + 97*x**2 - 30*x - 58. What is g(-3)?
-391
Let g(z) = 2184*z - 43646. What is g(20)?
34
Let l(g) = -113*g**2 - 3495*g + 280. What is l(-31)?
32
Let b(i) = 6893*i - 696192. Determine b(101).
1
Let h(u) = -6*u**2 + 118*u - 559. Determine h(6).
-67
Let l(r) = 1199*r + 9436. What is l(-8)?
-156
Let d(c) = 37564*c - 188350. Give d(5).
-530
Let b(f) = 2082*f + 16456. Give b(-8).
-200
Let r(s) = s**3 - 108*s**2 + 463*s - 26409. Determine r(106).
197
Let x(h) = -h**3 + 460*h**2 - 5782*h - 12957. What is x(447)?
6
Let l(f) = -41407*f + 1035176. What is l(25)?
1
Let b(a) = 77829*a + 9728623. Determine b(-125).
-2
Let c(v) = -5*v**3 + 27*v**2 - 42. Calculate c(6).
-150
Let o(p) = -4*p**2 + 69*p + 8. Give o(17).
25
Let m(s) = s**2 + 737*s + 94808. Give m(-166).
22
Let g(d) = d**3 - 61*d**2 + 740*d + 106. Give g(17).
-30
Let q(o) = -150*o - 3102. Calculate q(-19).
-252
Let a(m) = -52*m**2 + 37*m - 94. Calculate a(2).
-228
Let d(p) = -p**2 - 1206*p + 19567. Give d(16).
15
Let t(d) = 2*d**3 - 198*d**2 + 4791*d - 12578. Calculate t(62).
8
Let y(z) = z**3 + 40*z**2 + 16*z + 2205. Determine y(-41).
-132
Let j(i) = -1779*i + 23211. Give j(13).
84
Let z(r) = 79*r - 19904. What is z(252)?
4
Let a(u) = 6*u**2 - 650*u - 78894. Give a(181).
22
Let a(v) = 953*v + 28557. What is a(-30)?
-33
Let j(n) = 19*n**2 + 1841*n - 2404. Give j(-98).
-346
Let j(f) = f**3 + 33*f**2 - 140*f - 1166. What is j(-36)?
-14
Let d(i) = 21*i**2 + 1661*i - 3220. Give d(-81).
20
Let o(j) = -77*j - 10961. Calculate o(-156).
1051
Let r(x) = 96*x**3 - x**2 - 228*x - 444. Give r(-2).
-760
Let r(m) = 155*m**2 - 4329*m - 306. What is r(28)?
2
Let r(n) = -2*n**2 + 68*n + 1473. Give r(62).
-1999
Let n(z) = 65*z - 4009. Give n(68).
411
Let p(l) = -2*l**3 - 13*l**2 - 9*l + 167. What is p(0)?
167
Let w(k) = 5*k**3 - 41*k**2 - 5256*k + 42107. What is w(8)?
-5
Let p(h) = 54304*h - 868864. Determine p(16).
0
Let p(d) = -58368*d + 525327. Determine p(9).
15
Let k(g) = 861*g**2 + 345267*g + 2406. Calculate k(-401).
0
Let s(h) = -21*h**2 + 16853*h - 8870. Give s(802).
-48
Let i(b) = -1094*b**2 - 943*b + 948. Calculate i(1).
-1089
Let b(u) = -u**2 - 1535*u - 12181. What is b(-8)?
35
Let q(w) = -2*w**3 - 118*w**2 + 146*w + 1212. Calculate q(-60).
-348
Let q(x) = 19*x**2 - 199*x - 686. What is q(13)?
-62
Let c(i) = -2*i**3 - 903*i**2 - 1866*i - 232198. Give c(-450).
2
Let v(z) = 2*z**2 - 16685*z - 301084. Determine v(-18).
-106
Let y(r) = -49*r**2 + 1523*r + 1521. Calculate y(-1).
-51
Let f(s) = -2*s**2 + 105*s - 168. Calculate f(13).
859
Let m(p) = -42*p**2 - 17739*p - 52844. What is m(-3)?
-5
Let k(z) = 970*z + 779. Determine k(-1).
-191
Let k(m) = -2677*m - 10478. Give k(-4).
230
Let b(q) = -q**3 - 53*q**2 + 548*q - 523. What is b(-62)?
97
Let l(r) = -586*r + 264804. Determine l(452).
-68
Let y(f) = f**3 + 76*f**2 + 93*f + 750. Determine y(-75).
-600
Let l(f) = -40*f**2 + 4022. Calculate l(10).
22
Let p(i) = 15*i**2 + 707*i + 3248. Give p(-42).
14
Let n(a) = 22896*a - 870031. What is n(38)?
17
Let v(j) = 360*j - 11307. Calculate v(31).
-147
Let j(c) = -93*c**2 - 2150*c + 4368. What is j(-25)?
-7
Let v(p) = -5*p**2 + 2539*p - 269379. What is v(151)?
5
Let y(d) = -d**3 - 235